{"id":1191,"date":"2019-02-03T20:06:57","date_gmt":"2019-02-03T20:06:57","guid":{"rendered":"https:\/\/www.easp.es\/web\/bimbela\/?page_id=1191"},"modified":"2023-07-20T08:34:54","modified_gmt":"2023-07-20T08:34:54","slug":"publicaciones","status":"publish","type":"page","link":"https:\/\/www.easp.es\/web\/bimbela\/publicaciones\/","title":{"rendered":"Publicaciones"},"content":{"rendered":"<section class=\"wpb-content-wrapper\"><p>[vc_row][vc_column width=\u00bb1\/2&#8243;][vc_custom_heading text=\u00bbGimnasia emocional. Pasamos a la acci\u00f3n\u00bb use_theme_fonts=\u00bbyes\u00bb][\/vc_column][vc_column width=\u00bb1\/2&#8243;][vc_custom_heading text=\u00bbGimnasia social. La pr\u00e1ctica\u00bb use_theme_fonts=\u00bbyes\u00bb][\/vc_column][\/vc_row][vc_row][vc_column width=\u00bb1\/2&#8243;][vc_single_image image=\u00bb513&#8243; img_size=\u00bbmedium\u00bb alignment=\u00bbcenter\u00bb onclick=\u00bbcustom_link\u00bb img_link_target=\u00bb_blank\u00bb link=\u00bbhttps:\/\/www.easp.es\/project\/gimnasia-emocional-pasamos-a-la-accion\/\u00bb][vc_column_text]<a href=\"https:\/\/www.easp.es\/wp-content\/uploads\/publicaciones\/EASP_Gimnasia_Emocional.pdf\" target=\"_blank\" rel=\"noopener noreferrer\">Descargar PDF<\/a>[\/vc_column_text][\/vc_column][vc_column width=\u00bb1\/2&#8243;][vc_single_image image=\u00bb511&#8243; img_size=\u00bbmedium\u00bb alignment=\u00bbcenter\u00bb onclick=\u00bbcustom_link\u00bb img_link_target=\u00bb_blank\u00bb link=\u00bbhttps:\/\/www.easp.es\/project\/gimnasia-social-la-practica\/\u00bb][vc_column_text]<a href=\"https:\/\/www.easp.es\/wp-content\/uploads\/publicaciones\/EASP_Gimnasia%20Social.pdf\" target=\"_blank\" rel=\"noopener noreferrer\">Descargar PDF<\/a>[\/vc_column_text][\/vc_column][\/vc_row][vc_row][vc_column width=\u00bb1\/2&#8243;][vc_custom_heading text=\u00bbHerramientas para mejorar la adhesi\u00f3n terap\u00e9utica del paciente. El caso de la diabetes\u00bb use_theme_fonts=\u00bbyes\u00bb][\/vc_column][vc_column width=\u00bb1\/2&#8243;][vc_custom_heading text=\u00bbCuidando al Formador. Habilidades emocionales y de comunicaci\u00f3n\u00bb use_theme_fonts=\u00bbyes\u00bb][\/vc_column][\/vc_row][vc_row][vc_column width=\u00bb1\/2&#8243;][vc_single_image image=\u00bb512&#8243; img_size=\u00bbmedium\u00bb alignment=\u00bbcenter\u00bb onclick=\u00bbcustom_link\u00bb img_link_target=\u00bb_blank\u00bb link=\u00bbhttps:\/\/www.easp.es\/project\/herramientas-para-mejorar-la-adhesion-terapeutica-del-paciente-el-caso-de-la-diabetes\/\u00bb][vc_column_text]<a href=\"https:\/\/www.easp.es\/wp-content\/uploads\/publicaciones\/EASP_Herramientas.pdf\" target=\"_blank\" rel=\"noopener noreferrer\">Descargar PDF<\/a>[\/vc_column_text][\/vc_column][vc_column width=\u00bb1\/2&#8243;][vc_single_image image=\u00bb509&#8243; img_size=\u00bbmedium\u00bb alignment=\u00bbcenter\u00bb onclick=\u00bbcustom_link\u00bb img_link_target=\u00bb_blank\u00bb link=\u00bbhttps:\/\/www.easp.es\/project\/cuidando-al-formador\/\u00bb][vc_column_text]<a href=\"https:\/\/www.easp.es\/wp-content\/uploads\/publicaciones\/EASP_Cuidando_Formador.pdf\" target=\"_blank\" rel=\"noopener noreferrer\">Descargar PDF<\/a>[\/vc_column_text][\/vc_column][\/vc_row][vc_row][vc_column width=\u00bb1\/2&#8243;][vc_custom_heading text=\u00bbCuidando al Profesional de la Salud. Habilidades emocionales y de comunicaci\u00f3n\u00bb use_theme_fonts=\u00bbyes\u00bb][\/vc_column][vc_column width=\u00bb1\/2&#8243;][vc_custom_heading text=\u00bbCuidando al Directivo. Cuatro estaciones de gozo y un ep\u00edlogo de dolor\u00bb use_theme_fonts=\u00bbyes\u00bb][\/vc_column][\/vc_row][vc_row][vc_column width=\u00bb1\/2&#8243;][vc_single_image image=\u00bb508&#8243; img_size=\u00bbmedium\u00bb alignment=\u00bbcenter\u00bb onclick=\u00bbcustom_link\u00bb img_link_target=\u00bb_blank\u00bb link=\u00bbhttps:\/\/www.easp.es\/project\/cuidando-al-profesional-de-la-salud\/\u00bb][vc_column_text]<a href=\"https:\/\/www.easp.es\/wp-content\/uploads\/publicaciones\/EASP_Cuidando_Profesional_Salud.pdf\" target=\"_blank\" rel=\"noopener noreferrer\">Descargar PDF<\/a>[\/vc_column_text][\/vc_column][vc_column width=\u00bb1\/2&#8243;][vc_single_image image=\u00bb510&#8243; img_size=\u00bbmedium\u00bb alignment=\u00bbcenter\u00bb onclick=\u00bbcustom_link\u00bb img_link_target=\u00bb_blank\u00bb link=\u00bbhttps:\/\/www.easp.es\/project\/cuidando-al-directivo\/\u00bb][vc_column_text]<a href=\"https:\/\/www.easp.es\/wp-content\/uploads\/publicaciones\/EASP_Cuidando_Directivo.pdf\" target=\"_blank\" rel=\"noopener noreferrer\">Descargar PDF<\/a>[\/vc_column_text][\/vc_column][\/vc_row][vc_row][vc_column width=\u00bb1\/2&#8243;][vc_custom_heading text=\u00bbMi chico no quiere usar cond\u00f3n. Estrategias innovadoras para la prevenci\u00f3n de la transmisi\u00f3n sexual del VIH\/sida\u00bb use_theme_fonts=\u00bbyes\u00bb][\/vc_column][vc_column width=\u00bb1\/2&#8243;][vc_custom_heading text=\u00bbSida y j\u00f3venes. La prevenci\u00f3n de la transmisi\u00f3n sexual del VIH\u00bb use_theme_fonts=\u00bbyes\u00bb][\/vc_column][\/vc_row][vc_row][vc_column width=\u00bb1\/2&#8243;][vc_single_image image=\u00bb1028&#8243; img_size=\u00bbmedium\u00bb alignment=\u00bbcenter\u00bb onclick=\u00bbcustom_link\u00bb img_link_target=\u00bb_blank\u00bb link=\u00bbhttps:\/\/www.easp.es\/project\/mi-chico-no-quiere-usar-condon-estrategias-innovadoras-para-la-prevencion-de-la-transmision-sexual-del-vihsida\/\u00bb][vc_column_text]<a href=\"https:\/\/www.easp.es\/wp-content\/uploads\/publicaciones\/EASP_Mi_chico_no_quiere_usar_condon.pdf\" target=\"_blank\" rel=\"noopener noreferrer\">Descargar PDF<\/a>[\/vc_column_text][\/vc_column][vc_column width=\u00bb1\/2&#8243;][vc_single_image image=\u00bb1029&#8243; img_size=\u00bbmedium\u00bb alignment=\u00bbcenter\u00bb onclick=\u00bbcustom_link\u00bb img_link_target=\u00bb_blank\u00bb link=\u00bbhttps:\/\/www.easp.es\/project\/sida-y-jovenes\/\u00bb][vc_column_text]<a href=\"https:\/\/www.easp.es\/wp-content\/uploads\/publicaciones\/EASP_Sida%20y%20jovenes%20Prevencion%20de%20la%20transmision%20sexual%20del%20VIH.pdf\" target=\"_blank\" rel=\"noopener noreferrer\">Descargar PDF<\/a>[\/vc_column_text][\/vc_column][\/vc_row]<\/p>\n<\/section>","protected":false},"excerpt":{"rendered":"<p>[vc_row][vc_column width=\u00bb1\/2&#8243;][vc_custom_heading text=\u00bbGimnasia emocional. Pasamos a la acci\u00f3n\u00bb use_theme_fonts=\u00bbyes\u00bb][\/vc_column][vc_column width=\u00bb1\/2&#8243;][vc_custom_heading text=\u00bbGimnasia social. La pr\u00e1ctica\u00bb use_theme_fonts=\u00bbyes\u00bb][\/vc_column][\/vc_row][vc_row][vc_column width=\u00bb1\/2&#8243;][vc_single_image image=\u00bb513&#8243; img_size=\u00bbmedium\u00bb alignment=\u00bbcenter\u00bb onclick=\u00bbcustom_link\u00bb img_link_target=\u00bb_blank\u00bb link=\u00bbhttps:\/\/www.easp.es\/project\/gimnasia-emocional-pasamos-a-la-accion\/\u00bb][vc_column_text]Descargar PDF[\/vc_column_text][\/vc_column][vc_column width=\u00bb1\/2&#8243;][vc_single_image image=\u00bb511&#8243; img_size=\u00bbmedium\u00bb alignment=\u00bbcenter\u00bb onclick=\u00bbcustom_link\u00bb img_link_target=\u00bb_blank\u00bb link=\u00bbhttps:\/\/www.easp.es\/project\/gimnasia-social-la-practica\/\u00bb][vc_column_text]Descargar PDF[\/vc_column_text][\/vc_column][\/vc_row][vc_row][vc_column width=\u00bb1\/2&#8243;][vc_custom_heading text=\u00bbHerramientas para mejorar la adhesi\u00f3n terap\u00e9utica del paciente. El caso de la diabetes\u00bb use_theme_fonts=\u00bbyes\u00bb][\/vc_column][vc_column width=\u00bb1\/2&#8243;][vc_custom_heading text=\u00bbCuidando al Formador. Habilidades emocionales y de comunicaci\u00f3n\u00bb &hellip; <a href=\"https:\/\/www.easp.es\/web\/bimbela\/publicaciones\/\" class=\"more-link\">Continuar leyendo<span class=\"screen-reader-text\"> \u00abPublicaciones\u00bb<\/span><\/a><\/p>\n","protected":false},"author":1,"featured_media":0,"parent":0,"menu_order":0,"comment_status":"closed","ping_status":"closed","template":"","meta":{"footnotes":""},"class_list":["post-1191","page","type-page","status-publish","hentry"],"_links":{"self":[{"href":"https:\/\/www.easp.es\/web\/bimbela\/wp-json\/wp\/v2\/pages\/1191","targetHints":{"allow":["GET"]}}],"collection":[{"href":"https:\/\/www.easp.es\/web\/bimbela\/wp-json\/wp\/v2\/pages"}],"about":[{"href":"https:\/\/www.easp.es\/web\/bimbela\/wp-json\/wp\/v2\/types\/page"}],"author":[{"embeddable":true,"href":"https:\/\/www.easp.es\/web\/bimbela\/wp-json\/wp\/v2\/users\/1"}],"replies":[{"embeddable":true,"href":"https:\/\/www.easp.es\/web\/bimbela\/wp-json\/wp\/v2\/comments?post=1191"}],"version-history":[{"count":28,"href":"https:\/\/www.easp.es\/web\/bimbela\/wp-json\/wp\/v2\/pages\/1191\/revisions"}],"predecessor-version":[{"id":2056,"href":"https:\/\/www.easp.es\/web\/bimbela\/wp-json\/wp\/v2\/pages\/1191\/revisions\/2056"}],"wp:attachment":[{"href":"https:\/\/www.easp.es\/web\/bimbela\/wp-json\/wp\/v2\/media?parent=1191"}],"curies":[{"name":"wp","href":"https:\/\/api.w.org\/{rel}","templated":true}]}}