{"id":63,"date":"2011-07-19T00:12:56","date_gmt":"2011-07-18T22:12:56","guid":{"rendered":"http:\/\/bimbela.wordpress.com\/?page_id=63"},"modified":"2017-08-24T13:50:23","modified_gmt":"2017-08-24T13:50:23","slug":"counselling","status":"publish","type":"page","link":"https:\/\/www.easp.es\/web\/bimbela\/counselling\/","title":{"rendered":"Counselling"},"content":{"rendered":"<p>Hola a todos y a todas:<\/p>\n<p>Este sitio web contiene una selecci\u00f3n de \u00a0informaciones y recursos sobre lo que en un lenguaje cient\u00edfico y riguroso llamamos COUNSELLING (con una o con dos eles); esto es, \u00abHabilidades de relaci\u00f3n\u00bb, y que en un lenguaje m\u00e1s entendible, cercano, y esperemos que \u201cmotivador\u201d solemos situar bajo el ep\u00edgrafe \u201cCUIDANDO A\u2026\u201d por cuanto todas y cada una de las habilidades que agrupa el counselling (emocionales, de comunicaci\u00f3n, de motivaci\u00f3n para el cambio) tienen como caracter\u00edstica fundamental el hecho de ayudar en primer lugar y especialmente a la persona que las aplica (profesional de la salud, educador, directivo, padre, l\u00edder) que consigue m\u00e1s f\u00e1cilmente sus objetivos y adem\u00e1s lo logra al menor coste personal posible. Por ello estas habilidades son muy \u00fatiles para mejorar la salud (bio-psico-social); tanto por prevenir y tratar problemas como el estr\u00e9s, el \u201cqueme profesional\u201d, o la desmotivaci\u00f3n; como por promover una mayor calidad de vida (en el plano f\u00edsico, en el emocional y en el relacional). Con uno mismo y con los dem\u00e1s.<\/p>\n<figure id=\"attachment_322\" aria-describedby=\"caption-attachment-322\" style=\"width: 300px\" class=\"wp-caption alignleft\"><a href=\"https:\/\/www.easp.es\/web\/bimbela\/wp-content\/uploads\/sites\/3\/2011\/12\/zaragona-1.jpg\"><img loading=\"lazy\" decoding=\"async\" class=\"size-medium wp-image-322\" title=\"B impartiendo en Zaragoza\" src=\"https:\/\/www.easp.es\/web\/bimbela\/wp-content\/uploads\/sites\/3\/2011\/12\/zaragona-1.jpg?w=300\" alt=\"B impartiendo en Zaragoza\" width=\"300\" height=\"200\" srcset=\"https:\/\/www.easp.es\/web\/bimbela\/wp-content\/uploads\/sites\/3\/2011\/12\/zaragona-1.jpg 3504w, https:\/\/www.easp.es\/web\/bimbela\/wp-content\/uploads\/sites\/3\/2011\/12\/zaragona-1-300x200.jpg 300w, https:\/\/www.easp.es\/web\/bimbela\/wp-content\/uploads\/sites\/3\/2011\/12\/zaragona-1-768x512.jpg 768w, https:\/\/www.easp.es\/web\/bimbela\/wp-content\/uploads\/sites\/3\/2011\/12\/zaragona-1-1024x683.jpg 1024w\" sizes=\"auto, (max-width: 300px) 85vw, 300px\" \/><\/a><figcaption id=\"caption-attachment-322\" class=\"wp-caption-text\">B impartiendo en Zaragoza<\/figcaption><\/figure>\n","protected":false},"excerpt":{"rendered":"<p>Hola a todos y a todas: Este sitio web contiene una selecci\u00f3n de \u00a0informaciones y recursos sobre lo que en un lenguaje cient\u00edfico y riguroso llamamos COUNSELLING (con una o con dos eles); esto es, \u00abHabilidades de relaci\u00f3n\u00bb, y que en un lenguaje m\u00e1s entendible, cercano, y esperemos que \u201cmotivador\u201d solemos situar bajo el ep\u00edgrafe &hellip; <a href=\"https:\/\/www.easp.es\/web\/bimbela\/counselling\/\" class=\"more-link\">Continuar leyendo<span class=\"screen-reader-text\"> \u00abCounselling\u00bb<\/span><\/a><\/p>\n","protected":false},"author":1,"featured_media":0,"parent":0,"menu_order":9,"comment_status":"closed","ping_status":"closed","template":"","meta":{"footnotes":""},"class_list":["post-63","page","type-page","status-publish","hentry"],"_links":{"self":[{"href":"https:\/\/www.easp.es\/web\/bimbela\/wp-json\/wp\/v2\/pages\/63","targetHints":{"allow":["GET"]}}],"collection":[{"href":"https:\/\/www.easp.es\/web\/bimbela\/wp-json\/wp\/v2\/pages"}],"about":[{"href":"https:\/\/www.easp.es\/web\/bimbela\/wp-json\/wp\/v2\/types\/page"}],"author":[{"embeddable":true,"href":"https:\/\/www.easp.es\/web\/bimbela\/wp-json\/wp\/v2\/users\/1"}],"replies":[{"embeddable":true,"href":"https:\/\/www.easp.es\/web\/bimbela\/wp-json\/wp\/v2\/comments?post=63"}],"version-history":[{"count":1,"href":"https:\/\/www.easp.es\/web\/bimbela\/wp-json\/wp\/v2\/pages\/63\/revisions"}],"predecessor-version":[{"id":840,"href":"https:\/\/www.easp.es\/web\/bimbela\/wp-json\/wp\/v2\/pages\/63\/revisions\/840"}],"wp:attachment":[{"href":"https:\/\/www.easp.es\/web\/bimbela\/wp-json\/wp\/v2\/media?parent=63"}],"curies":[{"name":"wp","href":"https:\/\/api.w.org\/{rel}","templated":true}]}}