{"id":8,"date":"2017-10-30T11:24:35","date_gmt":"2017-10-30T11:24:35","guid":{"rendered":"https:\/\/www.easp.es\/web\/blogps\/?page_id=8"},"modified":"2020-12-14T13:53:40","modified_gmt":"2020-12-14T13:53:40","slug":"el-blog-psysc","status":"publish","type":"page","link":"https:\/\/www.easp.es\/web\/blogps\/el-blog-psysc\/","title":{"rendered":"El Blog PSySC"},"content":{"rendered":"<section class=\"wpb-content-wrapper\"><p>[vc_row][vc_column][vc_column_text]<\/p>\n<p class=\"p1\"><span class=\"s1\">Este es el blog del <strong>M\u00e1ster de Promoci\u00f3n de la Salud y Salud Comunitaria (MSPySC)<\/strong> de la <a href=\"http:\/\/www.easp.es\/\" target=\"_blank\" rel=\"noopener\"><span class=\"s2\">Escuela Andaluza de Salud P\u00fablica<\/span><\/a> y la <a href=\"http:\/\/www.ugr.es\/\" target=\"_blank\" rel=\"noopener\"><span class=\"s2\">Universidad de Granada<\/span><\/a>.<\/span><\/p>\n<p class=\"p1\"><span class=\"s1\">Es un espacio de informaci\u00f3n y an\u00e1lisis sobre el desarrollo y los contenidos del curso, con materiales generados por la comunidad de aprendizaje que constituimos el alumnado y el profesorado del MSPySC.<\/span><\/p>\n<p class=\"p1\"><span class=\"s1\">El blog PSySC es, por tanto, un espacio de co-creaci\u00f3n y un canal de difusi\u00f3n de los contenidos de los diferentes m\u00f3dulos-asignaturas por medio de breves comunicados audiovisuales y textos de reflexi\u00f3n sobre temas relacionados con la promoci\u00f3n de la salud comunitaria que compartimos en redes sociales y profesionales bajo la marca #promocionasalud.<\/span><\/p>\n<p>&nbsp;<\/p>\n<p><strong>Gestionan este blog:<\/strong>[\/vc_column_text][\/vc_column][\/vc_row][vc_row][vc_column][\/vc_column][\/vc_row][vc_row][vc_column width=\u00bb1\/3&#8243;][vc_single_image image=\u00bb10&#8243; alignment=\u00bbcenter\u00bb style=\u00bbvc_box_circle\u00bb onclick=\u00bbcustom_link\u00bb img_link_target=\u00bb_blank\u00bb link=\u00bbhttps:\/\/twitter.com\/marianoh\u00bb][vc_column_text]<\/p>\n<p style=\"text-align: center;\"><strong>Mariano Hern\u00e1n Garc\u00eda<\/strong><\/p>\n<p style=\"text-align: center;\">Coordinador del MSPySC<\/p>\n<p>[\/vc_column_text][\/vc_column][vc_column width=\u00bb1\/3&#8243;][vc_single_image image=\u00bb9&#8243; alignment=\u00bbcenter\u00bb style=\u00bbvc_box_circle\u00bb onclick=\u00bbcustom_link\u00bb img_link_target=\u00bb_blank\u00bb link=\u00bbhttps:\/\/twitter.com\/almena\u00bb][vc_column_text]<\/p>\n<p style=\"text-align: center;\"><strong>\u00c1ngel Luis Mena<\/strong><\/p>\n<p style=\"text-align: center;\">Docente de Comunicaci\u00f3n EASP<\/p>\n<p>[\/vc_column_text][\/vc_column][vc_column width=\u00bb1\/3&#8243;][vc_single_image image=\u00bb1649&#8243; alignment=\u00bbcenter\u00bb style=\u00bbvc_box_circle\u00bb onclick=\u00bbcustom_link\u00bb img_link_target=\u00bb_blank\u00bb link=\u00bbhttps:\/\/twitter.com\/mlopezd33&#8243;][vc_column_text]<\/p>\n<p style=\"text-align: center;\"><strong>Manuela L\u00f3pez Doblas<\/strong><\/p>\n<p style=\"text-align: center;\">Docente de Comunicaci\u00f3n EASP<\/p>\n<p>[\/vc_column_text][\/vc_column][\/vc_row]<\/p>\n<\/section>","protected":false},"excerpt":{"rendered":"<p>[vc_row][vc_column][vc_column_text] Este es el blog del M\u00e1ster de Promoci\u00f3n de la Salud y Salud Comunitaria (MSPySC) de la Escuela Andaluza de Salud P\u00fablica y la Universidad de Granada. Es un espacio de informaci\u00f3n y an\u00e1lisis sobre el desarrollo y los contenidos del curso, con materiales generados por la comunidad de aprendizaje que constituimos el alumnado&hellip;<\/p>\n","protected":false},"author":7,"featured_media":0,"parent":0,"menu_order":0,"comment_status":"closed","ping_status":"closed","template":"","meta":[],"class_list":["post-8","page","type-page","status-publish","hentry","description-off"],"_links":{"self":[{"href":"https:\/\/www.easp.es\/web\/blogps\/wp-json\/wp\/v2\/pages\/8","targetHints":{"allow":["GET"]}}],"collection":[{"href":"https:\/\/www.easp.es\/web\/blogps\/wp-json\/wp\/v2\/pages"}],"about":[{"href":"https:\/\/www.easp.es\/web\/blogps\/wp-json\/wp\/v2\/types\/page"}],"author":[{"embeddable":true,"href":"https:\/\/www.easp.es\/web\/blogps\/wp-json\/wp\/v2\/users\/7"}],"replies":[{"embeddable":true,"href":"https:\/\/www.easp.es\/web\/blogps\/wp-json\/wp\/v2\/comments?post=8"}],"version-history":[{"count":14,"href":"https:\/\/www.easp.es\/web\/blogps\/wp-json\/wp\/v2\/pages\/8\/revisions"}],"predecessor-version":[{"id":1651,"href":"https:\/\/www.easp.es\/web\/blogps\/wp-json\/wp\/v2\/pages\/8\/revisions\/1651"}],"wp:attachment":[{"href":"https:\/\/www.easp.es\/web\/blogps\/wp-json\/wp\/v2\/media?parent=8"}],"curies":[{"name":"wp","href":"https:\/\/api.w.org\/{rel}","templated":true}]}}