{"id":98,"date":"2021-09-02T12:40:58","date_gmt":"2021-09-02T12:40:58","guid":{"rendered":"https:\/\/www.easp.es\/web\/geneida\/?page_id=98"},"modified":"2022-10-19T16:15:35","modified_gmt":"2022-10-19T14:15:35","slug":"objetivos","status":"publish","type":"page","link":"https:\/\/www.easp.es\/web\/geneida\/descripcion-general\/objetivos\/","title":{"rendered":"Objetivos"},"content":{"rendered":"<section class=\"wpb-content-wrapper\"><p>[vc_row][vc_column][vc_column_text]<span style=\"font-weight: 400\">Los objetivos generales de los estudios realizados en el marco de la cohorte GENEIDA son:\u00a0<\/span><\/p>\n<ul>\n<li style=\"font-weight: 400\"><span style=\"font-weight: 400\">Cuantificar la exposici\u00f3n a contaminantes ambientales, especialmente plaguicidas y retardantes de llama, durante el embarazo y la infancia.<\/span><\/li>\n<li style=\"font-weight: 400\"><span style=\"font-weight: 400\">Evaluar el efecto de las exposiciones prenatales y postnatales a contaminantes ambientales, el estr\u00e9s materno y la dieta, sobre el crecimiento y desarrollo fetal e infantil, el neurodesarrollo y el estado de salud general de los ni\u00f1os y ni\u00f1as.<\/span><\/li>\n<li style=\"font-weight: 400\"><span style=\"font-weight: 400\">Estudiar la relaci\u00f3n entre factores y mecanismos gen\u00e9ticos y epigen\u00e9ticos, exposiciones a contaminantes ambientales y efectos adversos sobre la salud infantil.\u00a0<\/span><\/li>\n<\/ul>\n<p>[\/vc_column_text][\/vc_column][\/vc_row]<\/p>\n<\/section>","protected":false},"excerpt":{"rendered":"<p>[vc_row][vc_column][vc_column_text]Los objetivos generales de los estudios realizados en el marco de la cohorte GENEIDA son:\u00a0 Cuantificar la exposici\u00f3n a contaminantes ambientales, especialmente plaguicidas y retardantes de llama, durante el embarazo [&hellip;]<\/p>\n","protected":false},"author":135,"featured_media":0,"parent":30,"menu_order":2,"comment_status":"closed","ping_status":"closed","template":"","meta":{"footnotes":""},"class_list":["post-98","page","type-page","status-publish","hentry"],"_links":{"self":[{"href":"https:\/\/www.easp.es\/web\/geneida\/wp-json\/wp\/v2\/pages\/98","targetHints":{"allow":["GET"]}}],"collection":[{"href":"https:\/\/www.easp.es\/web\/geneida\/wp-json\/wp\/v2\/pages"}],"about":[{"href":"https:\/\/www.easp.es\/web\/geneida\/wp-json\/wp\/v2\/types\/page"}],"author":[{"embeddable":true,"href":"https:\/\/www.easp.es\/web\/geneida\/wp-json\/wp\/v2\/users\/135"}],"replies":[{"embeddable":true,"href":"https:\/\/www.easp.es\/web\/geneida\/wp-json\/wp\/v2\/comments?post=98"}],"version-history":[{"count":4,"href":"https:\/\/www.easp.es\/web\/geneida\/wp-json\/wp\/v2\/pages\/98\/revisions"}],"predecessor-version":[{"id":106,"href":"https:\/\/www.easp.es\/web\/geneida\/wp-json\/wp\/v2\/pages\/98\/revisions\/106"}],"up":[{"embeddable":true,"href":"https:\/\/www.easp.es\/web\/geneida\/wp-json\/wp\/v2\/pages\/30"}],"wp:attachment":[{"href":"https:\/\/www.easp.es\/web\/geneida\/wp-json\/wp\/v2\/media?parent=98"}],"curies":[{"name":"wp","href":"https:\/\/api.w.org\/{rel}","templated":true}]}}